der when 73058 is divided by 49.
48
Calculate the remainder when 4279 is divided by 392.
359
Calculate the remainder when 1178 is divided by 339.
161
What is the remainder when 69121 is divided by 18?
1
What is the remainder when 6538 is divided by 211?
208
Calculate the remainder when 34349 is divided by 179.
160
Calculate the remainder when 13558 is divided by 42.
34
What is the remainder when 13987 is divided by 4662?
1
Calculate the remainder when 1697 is divided by 86.
63
What is the remainder when 5970266 is divided by 933?
932
Calculate the remainder when 322205 is divided by 180.
5
What is the remainder when 101 is divided by 55?
46
Calculate the remainder when 255611 is divided by 2458.
2437
Calculate the remainder when 599993 is divided by 123.
122
What is the remainder when 6962 is divided by 400?
162
What is the remainder when 142935 is divided by 35?
30
What is the remainder when 997455 is divided by 332482?
9
Calculate the remainder when 106451 is divided by 527.
524
Calculate the remainder when 45891 is divided by 14.
13
Calculate the remainder when 30423 is divided by 3802.
7
What is the remainder when 190770 is divided by 11923?
2
What is the remainder when 866104 is divided by 1285?
14
What is the remainder when 1333 is divided by 233?
168
What is the remainder when 7285 is divided by 143?
135
What is the remainder when 53505 is divided by 2?
1
What is the remainder when 122645 is divided by 4710?
185
Calculate the remainder when 5713 is divided by 706.
65
Calculate the remainder when 8353 is divided by 928.
1
What is the remainder when 23049 is divided by 64?
9
What is the remainder when 73288 is divided by 73?
69
What is the remainder when 9441 is divided by 151?
79
Calculate the remainder when 185975 is divided by 6199.
5
Calculate the remainder when 428821 is divided by 94.
87
What is the remainder when 16842 is divided by 16062?
780
What is the remainder when 35755 is divided by 3248?
27
Calculate the remainder when 62790 is divided by 484.
354
What is the remainder when 13032 is divided by 19?
17
What is the remainder when 91686 is divided by 10185?
21
Calculate the remainder when 10380 is divided by 305.
10
Calculate the remainder when 9277 is divided by 42.
37
Calculate the remainder when 21766 is divided by 840.
766
Calculate the remainder when 505962 is divided by 11.
6
Calculate the remainder when 3235 is divided by 76.
43
Calculate the remainder when 3568 is divided by 15.
13
What is the remainder when 3555 is divided by 8?
3
Calculate the remainder when 26980 is divided by 142.
0
What is the remainder when 271435 is divided by 52?
47
What is the remainder when 297 is divided by 144?
9
What is the remainder when 70797 is divided by 118?
115
What is the remainder when 17261 is divided by 154?
13
Calculate the remainder when 41141 is divided by 211.
207
Calculate the remainder when 10114 is divided by 3041.
991
Calculate the remainder when 54339 is divided by 953.
18
What is the remainder when 30200 is divided by 221?
144
What is the remainder when 19079 is divided by 72?
71
Calculate the remainder when 15130 is divided by 4.
2
Calculate the remainder when 46975 is divided by 8.
7
Calculate the remainder when 7086 is divided by 399.
303
What is the remainder when 76874 is divided by 76855?
19
What is the remainder when 4256 is divided by 357?
329
What is the remainder when 101651 is divided by 44?
11
Calculate the remainder when 10429782 is divided by 13.
12
What is the remainder when 29727 is divided by 471?
54
Calculate the remainder when 74068 is divided by 15.
13
What is the remainder when 36937 is divided by 902?
857
Calculate the remainder when 34924 is divided by 3486.
64
What is the remainder when 4143 is divided by 644?
279
Calculate the remainder when 1859 is divided by 370.
9
What is the remainder when 16937 is divided by 4232?
9
Calculate the remainder when 148567 is divided by 14.
13
What is the remainder when 4987 is divided by 984?
67
What is the remainder when 53883 is divided by 1310?
173
What is the remainder when 372076 is divided by 12?
4
What is the remainder when 3873 is divided by 170?
133
Calculate the remainder when 936 is divided by 131.
19
Calculate the remainder when 16071 is divided by 3194.
101
What is the remainder when 916 is divided by 436?
44
Calculate the remainder when 858462 is divided by 38.
4
What is the remainder when 44548 is divided by 211?
27
What is the remainder when 138897 is divided by 50?
47
Calculate the remainder when 263 is divided by 79.
26
Calculate the remainder when 14064 is divided by 198.
6
What is the remainder when 80685 is divided by 896?
45
What is the remainder when 989 is divided by 127?
100
What is the remainder when 1906 is divided by 129?
100
Calculate the remainder when 16947 is divided by 297.
18
Calculate the remainder when 7055 is divided by 12.
11
Calculate the remainder when 54015 is divided by 19.
17
What is the remainder when 294026 is divided by 49002?
14
What is the remainder when 264872 is divided by 264866?
6
What is the remainder when 524392 is divided by 351?
349
What is the remainder when 3129 is divided by 1024?
57
Calculate the remainder when 53793 is divided by 2688.
33
What is the remainder when 41248 is divided by 87?
10
What is the remainder when 30432 is divided by 15212?
8
What is the remainder when 43415 is divided by 14363?
326
Calculate the remainder when 494 is divided by 50.
44
What is the remainder when 8153 is divided by 2713?
14
Calculate the remainder when 101399 is divided by 231.
221
Calculate the remainder when 351005 is divided by 14.
11
Calculate the remainder when 85877 is divided by 636.
17
What is the remainder when 31354 is divided by 14?
8
What is the remainder when 666054 is divided by 69?
66
Calculate the remainder when 1511 is divided by 534.
443
What is the remainder when 2447445 is divided by 187?
176
What is the remainder when 8534 is divided by 441?
155
Calculate the remainder when 653519 is divided by 28.
27
Calculate the remainder when 42256 is divided by 579.
568
What is the remainder when 10881 is divided by 59?
25
Calculate the remainder when 5003 is divided by 2501.
1
What is the remainder when 3006 is divided by 111?
9
What is the remainder when 2823 is divided by 1023?
777
What is the remainder when 30608 is divided by 6?
2
What is the remainder when 2269 is divided by 913?
443
What is the remainder when 2344 is divided by 2187?
157
What is the remainder when 13235 is divided by 1111?
1014
Calculate the remainder when 8907 is divided by 45.
42
What is the remainder when 846 is divided by 371?
104
What is the remainder when 2642 is divided by 107?
74
What is the remainder when 8294 is divided by 134?
120
What is the remainder when 560741 is divided by 17?
13
What is the remainder when 41596 is divided by 283?
278
Calculate the remainder when 51231 is divided by 105.
96
What is the remainder when 23288 is divided by 485?
8
Calculate the remainder when 4288 is divided by 21.
4
What is the remainder when 151574 is divided by 6590?
4
Calculate the remainder when 39873 is divided by 13239.
156
What is the remainder when 34187 is divided by 139?
132
What is the remainder when 87778 is divided by 105?
103
Calculate the remainder when 1087323 is divided by 87.
84
What is the remainder when 3635 is divided by 1188?
71
Calculate the remainder when 310665 is divided by 101.
90
What is the remainder when 46804 is divided by 87?
85
Calculate the remainder when 11519 is divided by 11340.
179
What is the remainder when 681982 is divided by 76?
34
What is the remainder when 2873 is divided by 120?
113
What is the remainder when 69988 is divided by 38?
30
What is the remainder when 17817 is divided by 1042?
103
Calculate the remainder when 14299 is divided by 1425.
49
Calculate the remainder when 62810 is divided by 2251.
2033
Calculate the remainder when 34664 is divided by 708.
680
What is the remainder when 255 is divided by 165?
90
What is the remainder when 1382926 is divided by 460975?
1
Calculate the remainder when 35324 is divided by 138.
134
Calculate the remainder when 4530 is divided by 3578.
952
Calculate the remainder when 25116 is divided by 6044.
940
What is the remainder when 52848 is divided